{"id":39,"date":"2022-06-06T15:31:00","date_gmt":"2022-06-06T13:31:00","guid":{"rendered":"https:\/\/jpu-vim-bar.me\/?page_id=39"},"modified":"2023-02-27T10:25:17","modified_gmt":"2023-02-27T09:25:17","slug":"puzic-veseljko","status":"publish","type":"page","link":"https:\/\/jpu-vim-bar.me\/?page_id=39","title":{"rendered":"Pu\u017ei\u0107 Veseljko"},"content":{"rendered":"\n<p class=\"has-text-align-left\"><strong>Vaspitna jedinica \u00bbPu\u017ei\u0107 Veseljko\u00ab<\/strong> u Bjeli\u0161ima je monta\u017enog tipa,povr\u0161ine 1108 m2 i dvori\u0161nog prostora 5000 m2.Objekat se sastoji od 12 radnih soba za djecu,od \u010dega su dvije jasli\u010dne za\u00a0 uzraste od 1-3 godine,a ostalih osam grupa su zabavi\u0161nog uzrasta. Dvori\u0161ni prostor je ogra\u0111en, opremljen dvorisnim rekvizitima. Objekat je klimatizovan i u ovom objektu je locirana centralna kuhinja iz koje se distribuira hrana u\u00a0 sve objekte.Objekat je prilagodjen pristupu djeci sa posebnim potrebama.Grijanje je centralno,preko kotlarnice koja je u sklopu objekta.<\/p>\n\n\n<div class=\"wp-block-image\">\n<figure class=\"aligncenter size-full\"><img loading=\"lazy\" decoding=\"async\" width=\"640\" height=\"360\" src=\"https:\/\/jpu-vim-bar.me\/wp-content\/uploads\/2022\/07\/puzic-veseljko.jpg\" alt=\"\" class=\"wp-image-153\" srcset=\"https:\/\/jpu-vim-bar.me\/wp-content\/uploads\/2022\/07\/puzic-veseljko.jpg 640w, https:\/\/jpu-vim-bar.me\/wp-content\/uploads\/2022\/07\/puzic-veseljko-300x169.jpg 300w\" sizes=\"auto, (max-width: 640px) 85vw, 640px\" \/><\/figure>\n<\/div>\n\n\n<p><\/p>\n\n\n\n<p><\/p>\n","protected":false},"excerpt":{"rendered":"<p>Vaspitna jedinica \u00bbPu\u017ei\u0107 Veseljko\u00ab u Bjeli\u0161ima je monta\u017enog tipa,povr\u0161ine 1108 m2 i dvori\u0161nog prostora 5000 m2.Objekat se sastoji od 12 radnih soba za djecu,od \u010dega su dvije jasli\u010dne za\u00a0 uzraste od 1-3 godine,a ostalih osam grupa su zabavi\u0161nog uzrasta. Dvori\u0161ni prostor je ogra\u0111en, opremljen dvorisnim rekvizitima. Objekat je klimatizovan i u ovom objektu je locirana &hellip; <a href=\"https:\/\/jpu-vim-bar.me\/?page_id=39\" class=\"more-link\">Nastavi \u010ditati<span class=\"screen-reader-text\"> &#8220;Pu\u017ei\u0107 Veseljko&#8221;<\/span><\/a><\/p>\n","protected":false},"author":1,"featured_media":0,"parent":0,"menu_order":0,"comment_status":"closed","ping_status":"closed","template":"","meta":{"footnotes":""},"class_list":["post-39","page","type-page","status-publish","hentry"],"_links":{"self":[{"href":"https:\/\/jpu-vim-bar.me\/index.php?rest_route=\/wp\/v2\/pages\/39","targetHints":{"allow":["GET"]}}],"collection":[{"href":"https:\/\/jpu-vim-bar.me\/index.php?rest_route=\/wp\/v2\/pages"}],"about":[{"href":"https:\/\/jpu-vim-bar.me\/index.php?rest_route=\/wp\/v2\/types\/page"}],"author":[{"embeddable":true,"href":"https:\/\/jpu-vim-bar.me\/index.php?rest_route=\/wp\/v2\/users\/1"}],"replies":[{"embeddable":true,"href":"https:\/\/jpu-vim-bar.me\/index.php?rest_route=%2Fwp%2Fv2%2Fcomments&post=39"}],"version-history":[{"count":9,"href":"https:\/\/jpu-vim-bar.me\/index.php?rest_route=\/wp\/v2\/pages\/39\/revisions"}],"predecessor-version":[{"id":514,"href":"https:\/\/jpu-vim-bar.me\/index.php?rest_route=\/wp\/v2\/pages\/39\/revisions\/514"}],"wp:attachment":[{"href":"https:\/\/jpu-vim-bar.me\/index.php?rest_route=%2Fwp%2Fv2%2Fmedia&parent=39"}],"curies":[{"name":"wp","href":"https:\/\/api.w.org\/{rel}","templated":true}]}}