{"id":363,"date":"2023-01-18T09:09:45","date_gmt":"2023-01-18T08:09:45","guid":{"rendered":"https:\/\/jpu-vim-bar.me\/?page_id=363"},"modified":"2023-01-18T09:22:52","modified_gmt":"2023-01-18T08:22:52","slug":"velja-gorana","status":"publish","type":"page","link":"https:\/\/jpu-vim-bar.me\/?page_id=363","title":{"rendered":"Velja Gorana"},"content":{"rendered":"\n<p><strong>Vaspitna jedinica \u00bbVelja Gorana \u00ab<\/strong>&nbsp;je novootvorena i&nbsp; po\u010dela je sa radom 07.12. 2022 godine.Smje\u0161tena je u prostoru podru\u010dne \u0161kole u \u00bbGorani \u00ab  i ima jednu mje\u0161ovitu grupu uzrasta od&nbsp; tri godine do polaska u \u0161kolu.<\/p>\n\n\n\n<figure class=\"wp-block-gallery has-nested-images columns-default is-cropped wp-block-gallery-1 is-layout-flex wp-block-gallery-is-layout-flex\">\n<figure class=\"wp-block-image size-large\"><img loading=\"lazy\" decoding=\"async\" width=\"576\" height=\"1024\" data-id=\"371\" src=\"https:\/\/jpu-vim-bar.me\/wp-content\/uploads\/2023\/01\/VideoCapture_20230118-091904-576x1024.jpg\" alt=\"\" class=\"wp-image-371\" srcset=\"https:\/\/jpu-vim-bar.me\/wp-content\/uploads\/2023\/01\/VideoCapture_20230118-091904-576x1024.jpg 576w, https:\/\/jpu-vim-bar.me\/wp-content\/uploads\/2023\/01\/VideoCapture_20230118-091904-169x300.jpg 169w, https:\/\/jpu-vim-bar.me\/wp-content\/uploads\/2023\/01\/VideoCapture_20230118-091904-768x1365.jpg 768w, https:\/\/jpu-vim-bar.me\/wp-content\/uploads\/2023\/01\/VideoCapture_20230118-091904-864x1536.jpg 864w, https:\/\/jpu-vim-bar.me\/wp-content\/uploads\/2023\/01\/VideoCapture_20230118-091904.jpg 1080w\" sizes=\"auto, (max-width: 576px) 85vw, 576px\" \/><\/figure>\n\n\n\n<figure class=\"wp-block-image size-large\"><img loading=\"lazy\" decoding=\"async\" width=\"576\" height=\"1024\" data-id=\"369\" src=\"https:\/\/jpu-vim-bar.me\/wp-content\/uploads\/2023\/01\/VideoCapture_20230118-091914-576x1024.jpg\" alt=\"\" class=\"wp-image-369\" srcset=\"https:\/\/jpu-vim-bar.me\/wp-content\/uploads\/2023\/01\/VideoCapture_20230118-091914-576x1024.jpg 576w, https:\/\/jpu-vim-bar.me\/wp-content\/uploads\/2023\/01\/VideoCapture_20230118-091914-169x300.jpg 169w, https:\/\/jpu-vim-bar.me\/wp-content\/uploads\/2023\/01\/VideoCapture_20230118-091914-768x1365.jpg 768w, https:\/\/jpu-vim-bar.me\/wp-content\/uploads\/2023\/01\/VideoCapture_20230118-091914-864x1536.jpg 864w, https:\/\/jpu-vim-bar.me\/wp-content\/uploads\/2023\/01\/VideoCapture_20230118-091914.jpg 1080w\" sizes=\"auto, (max-width: 576px) 85vw, 576px\" \/><\/figure>\n\n\n\n<figure class=\"wp-block-image size-large\"><img loading=\"lazy\" decoding=\"async\" width=\"576\" height=\"1024\" data-id=\"370\" src=\"https:\/\/jpu-vim-bar.me\/wp-content\/uploads\/2023\/01\/VideoCapture_20230118-091916-576x1024.jpg\" alt=\"\" class=\"wp-image-370\" srcset=\"https:\/\/jpu-vim-bar.me\/wp-content\/uploads\/2023\/01\/VideoCapture_20230118-091916-576x1024.jpg 576w, https:\/\/jpu-vim-bar.me\/wp-content\/uploads\/2023\/01\/VideoCapture_20230118-091916-169x300.jpg 169w, https:\/\/jpu-vim-bar.me\/wp-content\/uploads\/2023\/01\/VideoCapture_20230118-091916-768x1365.jpg 768w, https:\/\/jpu-vim-bar.me\/wp-content\/uploads\/2023\/01\/VideoCapture_20230118-091916-864x1536.jpg 864w, https:\/\/jpu-vim-bar.me\/wp-content\/uploads\/2023\/01\/VideoCapture_20230118-091916.jpg 1080w\" sizes=\"auto, (max-width: 576px) 85vw, 576px\" \/><\/figure>\n\n\n\n<figure class=\"wp-block-image size-large\"><img loading=\"lazy\" decoding=\"async\" width=\"700\" height=\"506\" data-id=\"368\" src=\"https:\/\/jpu-vim-bar.me\/wp-content\/uploads\/2023\/01\/gorana2-700x506-2.jpg\" alt=\"\" class=\"wp-image-368\" srcset=\"https:\/\/jpu-vim-bar.me\/wp-content\/uploads\/2023\/01\/gorana2-700x506-2.jpg 700w, https:\/\/jpu-vim-bar.me\/wp-content\/uploads\/2023\/01\/gorana2-700x506-2-300x217.jpg 300w\" sizes=\"auto, (max-width: 700px) 85vw, 700px\" \/><\/figure>\n<\/figure>\n","protected":false},"excerpt":{"rendered":"<p>Vaspitna jedinica \u00bbVelja Gorana \u00ab&nbsp;je novootvorena i&nbsp; po\u010dela je sa radom 07.12. 2022 godine.Smje\u0161tena je u prostoru podru\u010dne \u0161kole u \u00bbGorani \u00ab i ima jednu mje\u0161ovitu grupu uzrasta od&nbsp; tri godine do polaska u \u0161kolu.<\/p>\n","protected":false},"author":1,"featured_media":0,"parent":0,"menu_order":0,"comment_status":"closed","ping_status":"closed","template":"","meta":{"footnotes":""},"class_list":["post-363","page","type-page","status-publish","hentry"],"_links":{"self":[{"href":"https:\/\/jpu-vim-bar.me\/index.php?rest_route=\/wp\/v2\/pages\/363","targetHints":{"allow":["GET"]}}],"collection":[{"href":"https:\/\/jpu-vim-bar.me\/index.php?rest_route=\/wp\/v2\/pages"}],"about":[{"href":"https:\/\/jpu-vim-bar.me\/index.php?rest_route=\/wp\/v2\/types\/page"}],"author":[{"embeddable":true,"href":"https:\/\/jpu-vim-bar.me\/index.php?rest_route=\/wp\/v2\/users\/1"}],"replies":[{"embeddable":true,"href":"https:\/\/jpu-vim-bar.me\/index.php?rest_route=%2Fwp%2Fv2%2Fcomments&post=363"}],"version-history":[{"count":2,"href":"https:\/\/jpu-vim-bar.me\/index.php?rest_route=\/wp\/v2\/pages\/363\/revisions"}],"predecessor-version":[{"id":372,"href":"https:\/\/jpu-vim-bar.me\/index.php?rest_route=\/wp\/v2\/pages\/363\/revisions\/372"}],"wp:attachment":[{"href":"https:\/\/jpu-vim-bar.me\/index.php?rest_route=%2Fwp%2Fv2%2Fmedia&parent=363"}],"curies":[{"name":"wp","href":"https:\/\/api.w.org\/{rel}","templated":true}]}}